32 + -31. Suppose 2*f - 10 = 2*t, f + 2 = -5*t + a. Let u(c) = -7*c + 0 + 9*c - 3*c + f. What is u(5)?
-1
Let m(k) = 2*k**3 + 2*k + 2. Let q(h) = -5*h**3 + 3*h**2 - 7*h - 3. Let t(p) = -2*m(p) - q(p). Determine t(2).
1
Let f(o) = 13*o + 8. Suppose -13*l - 19 = -6. Give f(l).
-5
Let f(z) be the third derivative of -41*z**5/60 - z**4/24 - z**3/6 - z**2. Let l = 187831 - 187832. Calculate f(l).
-41
Let o(w) = 27*w - 206 + 125 - w**2 - 38*w + 31*w. Calculate o(15).
-6
Let j(c) = -24*c**2 - 48*c - 1. Let i(p) = -13*p**2 - 26*p - 1. Let h(a) = -7*i(a) + 4*j(a). Give h(-6).
-117
Let y be (-11)/(-6) - (-4 + 2)/12. Let j(s) = 5*s**y + 0*s**2 - 5*s**2 + 4*s**2 + 4*s - 3*s**2 - 4. Let d(b) = -b + 1. Let v be d(6). Give j(v).
1
Let i(u) = -16*u + 7 + 21*u - 2*u**2 - 20 - 6 + 3*u**2. Let f be i(-7). Let d(s) = 2*s + 4*s - 3*s - 6 + s**2. What is d(f)?
4
Suppose 4*m = -m. Suppose 4*v - 12*v + 24 = m. Suppose 0 = -v*p + p + 10. Let h(r) = r**3 - 4*r**2 - 5*r + 7. Calculate h(p).
7
Suppose 3*v = 3*u - 33, -81*u + 82*u - 5*v - 15 = 0. Let p(g) = 2*g**2 - 20*g - 11. What is p(u)?
-11
Let k(q) = 2*q**2 + 5*q + 14. Suppose 4656*h - 22 = 2*n + 4660*h, -3 = 3*n - 4*h. What is k(n)?
39
Suppose 4*p - 7 = 2*o - 15, 7 = 2*o - 3*p. Let i(k) = 8*k**2 + 9*k + 1. Let t(u) = 3*u**2 + 4*u. Let b(q) = o*i(q) - 5*t(q). Give b(2).
2
Let c(q) be the third derivative of q**6/360 - q**5/120 + q**4/12 + 37*q**3/6 + 4*q**2 - 2. Let u(h) be the first derivative of c(h). Calculate u(2).
4
Let q(b) = -3*b - 15. Suppose -2*f - 16 = -28. Suppose -33 = 4*u - 37. Let a(w) = 1. Let k(p) = f*a(p) + u*q(p). Give k(-6).
9
Let r(p) be the first derivative of -p**4/4 + 10*p**3/3 - 21*p**2/2 + 24*p - 10928. What is r(8)?
-16
Let b = -147 + 110. Let i = b - -34. Let x be (2*i/6)/(1/4). Let r(a) = a**2 + 6*a - 3. Calculate r(x).
-11
Suppose 2*f + t - 838 = 0, -4*t + 4 = -4. Let a(s) = 4*s**3 + 2*s**2 + s. Let p be a(-1). Let o be 4/p + f/66. Let h(j) = -j**2 + 7*j + 2. What is h(o)?
12
Suppose 5*m - m = -16. Let c(z) be the second derivative of 9*z - 8 - 4*z - z**3 + 2 + 2*z**2 - 5*z**2. What is c(m)?
18
Suppose -3*x + 6 = 3*a, 4*a + 3 = 2*x + 41. Let j(q) be the first derivative of 13 + 6*q - 1/2*q**2. Give j(a).
-1
Let g(t) be the first derivative of t**2/2 - 3*t - 1. Suppose -19*x + 1544 - 100 = 0. Suppose -x = -11*v - 10. Give g(v).
3
Let b(s) be the first derivative of -s**3/3 + s**2 + 4. Suppose -2*t + 7*t + 4*u + 182 = 0, t + 25 = 3*u. Let j = 38 + t. Give b(j).
-8
Suppose 10*x - 5*l + 34 = 14*x, -5*l + 31 = x. Let s(m) = 16*m - 1. Let k(r) = 15*r - 1. Let i(d) = -7*k(d) + 6*s(d). Determine i(x).
-8
Suppose 0 = -3*r - 5*v - 20, -63*r + 61*r + v = -4. Let u(g) be the first derivative of g**2/2 - 2*g + 3. Give u(r).
-2
Let y be ((-41)/14)/(49/98) + (-2)/14. Let q(h) = h**3 + 4*h**2 - h - 4. Calculate q(y).
-70
Suppose -68*i - 153 = 1441 + 446. Let x(g) = -g**3 - 31*g**2 - 31*g - 31. Give x(i).
-1
Let o = -6223/3 - -2076. Let c(l) be the first derivative of -3/2*l**2 - 1/4*l**4 + o*l**3 + 11 + 2*l. Give c(5).
-13
Let f(k) = 8*k - 85. Suppose -24 = -2*v - 2*q, -5*v - q + 13 = -39. Calculate f(v).
-5
Let l(v) = -2*v**2 + 98*v - 932. Let a be l(13). Let k(i) = 27*i - 93. Calculate k(a).
15
Let w(k) = -k**3 + 10*k**2 - 9*k + 8. Let z(f) = f**2. Suppose 317 = 2*t + 319. Let m(b) = t*w(b) + z(b). Give m(8).
0
Let x(a) = 2*a + 4. Let w(g) = g**2 + 10*g + 28. Let y be w(-5). Suppose -5*q = y*p - 5, 0*p + 5*p = -q - 21. Give x(p).
-6
Let j(l) = 2*l**3 + 5*l**2 - 36*l + 21. Let c(d) = 3*d**3 + 8*d**2 - 50*d + 31. Let a(q) = -5*c(q) + 7*j(q). Calculate a(-6).
40
Let k(z) = -z**3 - 9*z**2 - z. Let j be k(-9). Let f(l) = j + 2 + 2 - 2*l + 4*l. Calculate f(-10).
-7
Let g(v) = 1514*v + 1477*v - 5908*v + 1475*v - 267 + 1483*v. Determine g(6).
-21
Let o(d) be the second derivative of d**4/4 + 10*d**3/3 + 7*d**2 - 780*d. What is o(-6)?
2
Let r(a) = -a**3 - 6*a**2 - 5*a - 21. Let l be r(-6). Let z(h) = l - 3*h + 2 - 11 + 22. Give z(9).
-5
Let a(m) = m**2 + 4. Suppose 2*c - 206 = -3*v, -c = v - 90 - 14. Suppose 0 = c*y - 108*y. What is a(y)?
4
Let o(l) = l + 5 + l**2 - l**3 - l**2 - 4*l**2. Suppose -770 = 3*n - 758. Give o(n).
1
Let x(s) = 6*s + 2. Let r(i) = -2*i - 1. Let c(b) = -7*r(b) - 2*x(b). Suppose 3*q = -q + 3*u - 43, q = -4*u + 13. Give c(q).
-11
Let b(a) = -a**3 - 30*a**2 - 2*a - 62. Let j be ((-32)/(-20) + -2)/((-19)/(-1425)). Determine b(j).
-2
Let o be 14 + (-19)/1 + -6. Let m(q) = -2*q**3 - 23*q**2 - 9*q + 16. Give m(o).
-6
Let m(o) = 2 + o + 5 + 9. Suppose 0 = 15*j - 20*j + 55. Suppose 14*i = j*i. Calculate m(i).
16
Let z(k) = -5*k + 157. Suppose 0 = -5*t - g + 154, -3*t = -5*t + 3*g + 82. What is z(t)?
-3
Let h(k) = 26 + k**2 - 849*k - 3*k**2 + 1 + 855*k - 8. Determine h(-3).
-17
Let b(s) = s**3 + s**2 - 6*s - 5. Suppose 53 = 6*n + 35. Suppose -20 = -4*h + 2*u - 34, -4*h = n*u + 9. Give b(h).
-5
Suppose -h - 4*h = 5*j - 75, 39 = 4*h - 3*j. Suppose c = 4*f - 1 + 21, 3*c = h. Let y(q) = -q**2 - 4*q. Calculate y(f).
0
Let y(f) = -5*f - 2. Suppose 0 = 2*m, -3*x = m - 8 - 1. Suppose -x*g = 107 + 106. Let w = -73 - g. What is y(w)?
8
Let i(w) = -7*w + 1. Suppose 15 + 3 = j. Suppose -5*q + j = -3*c, 0*q = c - 5*q + 16. What is i(c)?
8
Let u(b) be the third derivative of b**5/30 + 5*b**4/12 + b**3/3 + 56*b**2 + 6*b. Calculate u(-5).
2
Suppose -3*r = -2*t + 3, 2*r - 1 - 4 = -t. Let h(y) = y**2 - 7*y - 6. Let n be h(8). Let x(m) = 21*m**3 - 5*m**n - 12*m**3 + 3 - 8*m**3. Calculate x(t).
-15
Let u(l) = -2*l - 4 + 2 - 5 - 3. Let v be u(-6). Let s(r) = -v*r + 5*r + 5*r - 4 + 6 + r**2. Calculate s(-6).
-10
Suppose 2*t + 63 = -7*m, 5*t - 2*t = 4*t. Let d(j) = -4*j**2 - 36*j + 7. Calculate d(m).
7
Let f(i) = -2*i**2 + 3*i - 2. Let n(u) = 21*u**2 - 10*u + 6. Let b(k) = -3*f(k) - n(k). Suppose 4*z - z - 3*x = 0, 2*z + 4*x = 6. Give b(z).
-14
Let g(f) = 1 + 1 + f + 11. Suppose -2*m = 2*o + 24, o + 3*m + m = -21. Let p be g(o). Let z(c) = c**2 - 6*c + 2. Calculate z(p).
-6
Let x(q) = -q**3 - 111*q - 94 - 9*q**2 + 414*q - 102*q - 106*q - 105*q. Give x(-9).
-4
Let t(x) = -x**3 - 3*x**2 + 6*x + 6. Let r = 155 + -157. Let w be 2676/96 + (-1)/(16/r). Suppose -9*g = -16*g - w. Give t(g).
-2
Let f(m) = 5*m**2 + 8*m + 3. Let r(n) = -4*n**2 - 7*n - 3. Suppose -24 - 64 = 22*i. Let t(s) = i*r(s) - 3*f(s). Calculate t(-3).
0
Let g(i) = 7*i + 103 - 204 + 103 - 2*i**2. What is g(-2)?
-20
Let a(m) = m**2 - 25*m + 160. Let b be a(13). Suppose 5*f + 25 = -33*k + 38*k, b*k - 5*f = 16. Let q(u) = u + 1. Give q(k).
10
Let i(g) be the first derivative of -g**4/4 - 37*g**3/3 - 17*g**2 + 85*g + 3802. Calculate i(-36).
13
Let q(r) be the third derivative of -r**5/120 + r**4/8 + 5*r**3 - 56*r**2. Let y(w) be the first derivative of q(w). Let x = -1 + -3. Give y(x).
7
Let x(b) be the third derivative of -b**6/120 + b**5/30 + b**4/4 - 5*b**3/6 - b**2. Let k(r) = 2*r**3 + 12*r**2 - 166*r + 284. Let y be k(5). Determine x(y).
-13
Let g(w) = 36*w - 215. Let q be g(6). Let b(n) = -21*n**3 + 3*n**2 - 4*n + 1. Give b(q).
-21
Suppose 0 = -724*s + 729*s - 20. Let q(b) be the first derivative of s*b - 11 - 1/4*b**4 + 2/3*b**3 - 1/2*b**2. Determine q(3).
-8
Let n(p) = -13*p - 12. Let k(a) = -42*a**2 + 90*a - 9. Let s be k(2). Calculate n(s).
-51
Let t(f) = -3*f - 2. Let s(u) = 4*u + 3. Let c = 171 - 167. Let v(i) = c*s(i) + 6*t(i). What is v(-2)?
4
Let l = -2173 + 2176. Let r(m) be the third derivative of 0 + 0*m - 1/60*m**5 - 7/6*m**l + 1/24*m**4 - 4*m**2. Give r(0).
-7
Suppose -6*z + 5*z - 3*y = -630, -y = -2. Suppose -632 + z = 4*h. Let k(d) = -2*d**2 - 3*d - 8. Let j(l) = 1. Let p(o) = -5*j(o) - k(o). What is p(h)?
5
Let p(l) = -3*l**2 - 3*l + 3. Suppose 5*f - 5*a = 25, 3*f = -12*a + 14*a + 11. Let s be p(f). Let j(t) = -t**3 - 3*t**2 - 3*t + 1. Calculate j(s).
10
Let w(n) = 7*n + 14. Let o(u) = -u**2 - 39*u - 329. Let h be o(-13). Give w(h).
77
Let c(v) = 6*v. Let s(a) = -9*a. Let x(q) = 7*c(q) + 2*s(q). Determine x(0).
0
Let t = 32653 - 32651. Let r(g) = -3*g**2 + 16*g - 27. What is r(t)?
-7
Let s(j) = 4*j - 7. Suppose 0 = -5*u - g + 18, 3*g + 2*g = -4*u + 27. Let w(y) = -3*y + 8. Let i(k) = u*w(k) + 2*s(k). What is i(4)?
6
Let b(r) = 51*r**2 - 134*r + 295. Let w(s) = 40*s**2 - 107*s + 236. Let g(c) = -11*b(c) + 14*w(c). Give g(-26).
7
Let f(x